{"id":10931,"date":"2021-09-15T20:55:11","date_gmt":"2021-09-15T18:55:11","guid":{"rendered":"http:\/\/mil-et-zim.fr\/?post_type=product&#038;p=10931"},"modified":"2022-12-20T00:52:49","modified_gmt":"2022-12-19T23:52:49","slug":"st-emilion-gcc-chateau-gd-corbin-despagne-2002","status":"publish","type":"product","link":"https:\/\/mil-et-zim.fr\/index.php\/product\/st-emilion-gcc-chateau-gd-corbin-despagne-2002\/","title":{"rendered":"St Emilion GCC, Ch\u00e2teau Gd Corbin d&#8217;Espagne 2002"},"content":{"rendered":"<p><strong>1 x St Emilion GCC, Ch\u00e2teau Gd Corbin d&#8217;Espagne 2002, 75cl<\/strong><\/p>\n<p>En 2006, lors de la r\u00e9vision du classement de Saint-\u00c9milion, le ch\u00e2teau acc\u00e8de au rang supr\u00eame : celui de Grand Cru Class\u00e9 (cette distinction a \u00e9t\u00e9 ent\u00e9rin\u00e9e le 12 novembre 2007 par le Conseil d&#8217;\u00c9tat). Grand Corbin-Despagne constitue \u00e0 bien des \u00e9gards une valeur s\u00fbre de Saint-\u00c9milion, reconnue par les plus grands d\u00e9gustateurs et les amateurs, qui sont bien conscients de son potentiel. Robert Parker en a m\u00eame fait une de ces valeurs sur lesquelles il faut investir !<\/p>\n<p>CARACT\u00c9RISTIQUES DU DOMAINE &amp; DE LA CUV\u00c9E<br \/>\nPays\/r\u00e9gion : Bordeaux<br \/>\nAppellation : Saint-\u00c9milion Grand Cru<br \/>\nDomaine : Ch\u00e2teau Grand Corbin Despagne<br \/>\nClassement : Grand Cru Class\u00e9<br \/>\nCouleur : Rouge<br \/>\nPropri\u00e9taire : Famille Despagne<br \/>\nSuperficie : 29 ha<br \/>\nProduction : 125000 bouteilles<br \/>\nEnc\u00e9pagement : 5% Cabernet Sauvignon, 75% Merlot, 20% Cabernet franc<br \/>\nViticulture : Raisonn\u00e9e<\/p>\n","protected":false},"excerpt":{"rendered":"<p><strong>1 x St Emilion GCC, Ch\u00e2teau Gd Corbin d&#8217;Espagne 2002, 75cl<\/strong><\/p>\n<p>En 2006, lors de la r\u00e9vision du classement de Saint-\u00c9milion, le ch\u00e2teau acc\u00e8de au rang supr\u00eame : celui de Grand Cru Class\u00e9 (cette distinction a \u00e9t\u00e9 ent\u00e9rin\u00e9e le 12 novembre 2007 par le Conseil d&#8217;\u00c9tat).<\/p>\n","protected":false},"featured_media":11061,"comment_status":"open","ping_status":"closed","template":"","meta":[],"product_cat":[171,136],"product_tag":[142,145],"_links":{"self":[{"href":"https:\/\/mil-et-zim.fr\/index.php\/wp-json\/wp\/v2\/product\/10931"}],"collection":[{"href":"https:\/\/mil-et-zim.fr\/index.php\/wp-json\/wp\/v2\/product"}],"about":[{"href":"https:\/\/mil-et-zim.fr\/index.php\/wp-json\/wp\/v2\/types\/product"}],"replies":[{"embeddable":true,"href":"https:\/\/mil-et-zim.fr\/index.php\/wp-json\/wp\/v2\/comments?post=10931"}],"wp:featuredmedia":[{"embeddable":true,"href":"https:\/\/mil-et-zim.fr\/index.php\/wp-json\/wp\/v2\/media\/11061"}],"wp:attachment":[{"href":"https:\/\/mil-et-zim.fr\/index.php\/wp-json\/wp\/v2\/media?parent=10931"}],"wp:term":[{"taxonomy":"product_cat","embeddable":true,"href":"https:\/\/mil-et-zim.fr\/index.php\/wp-json\/wp\/v2\/product_cat?post=10931"},{"taxonomy":"product_tag","embeddable":true,"href":"https:\/\/mil-et-zim.fr\/index.php\/wp-json\/wp\/v2\/product_tag?post=10931"}],"curies":[{"name":"wp","href":"https:\/\/api.w.org\/{rel}","templated":true}]}}