{"id":10941,"date":"2021-10-01T13:06:37","date_gmt":"2021-10-01T11:06:37","guid":{"rendered":"http:\/\/mil-et-zim.fr\/?post_type=product&#038;p=10941"},"modified":"2022-12-19T19:53:18","modified_gmt":"2022-12-19T18:53:18","slug":"only-for-my-friend-igp-ardeche-rouge","status":"publish","type":"product","link":"https:\/\/mil-et-zim.fr\/index.php\/product\/only-for-my-friend-igp-ardeche-rouge\/","title":{"rendered":"Only for my friend, IGP Ard\u00e8che rouge"},"content":{"rendered":"<p>&nbsp;<\/p>\n<div class=\"data item container\">\n<div id=\"description\" class=\"data item content\" data-role=\"content\">\n<div class=\"product attribute description\">\n<div class=\"value\"><\/div>\n<\/div>\n<\/div>\n<\/div>\n<div class=\"data item container\">\n<div class=\"data item title h2\" aria-labeledby=\"tab-label-additional-title\"><\/div>\n<div id=\"additional\" class=\"data item content\" data-role=\"content\">\n<div class=\"additional-attributes-wrapper table-wrapper\">\n<p>DESCRIPTION<br \/>\nDOMAINE DU GRANGEON, CHRISTOPHE REYNOUARD &#8211; IGP ARD\u00c8CHE &#8220;ONLY FOR MY FRIENDS&#8221; ROUGE<br \/>\nUn vin rouge gourmand, facile \u00e0 boire et compagnon de toute situation. Cette cuv\u00e9e est sans aucun doute un vrai vin de fruits ! Il peut m\u00eame se d\u00e9guster un peu frais avec de nombreux plats. Un vrai vin de copain que nous propose Christophe Reynouard !<\/p>\n<p>Plus d\u2019information<br \/>\nAppellation : IGP ARDECHE<br \/>\nDomaine : DOMAINE GRANGEON<br \/>\nCouleur : Rouge<br \/>\nC\u00e9page(s ) : Majorit\u00e9 Merlot<br \/>\nR\u00e9gion\u00a0 : RHONE SUD<br \/>\nContenance : 75 cl<br \/>\nTemps de garde ; \u00c0 d\u00e9guster dans la jeunesse pour le fruit et la fra\u00eecheur<br \/>\nAccords Mets et Vins<br \/>\nCONSEILS DE D\u00c9GUSTATION<br \/>\nCompagnon id\u00e9al des repas entre amis ! Un vin fruit\u00e9 et facile \u00e0 accorder sur de nombreux mets.<\/p>\n<\/div>\n<\/div>\n<\/div>\n","protected":false},"excerpt":{"rendered":"<p>&nbsp; DESCRIPTION DOMAINE DU GRANGEON, CHRISTOPHE REYNOUARD &#8211; IGP ARD\u00c8CHE &#8220;ONLY FOR MY FRIENDS&#8221; ROUGE Un vin rouge gourmand, facile \u00e0 boire et compagnon de toute situation. Cette cuv\u00e9e est sans aucun doute un vrai vin de fruits ! Il peut m\u00eame se d\u00e9guster un peu frais avec de nombreux plats. Un vrai vin de [&hellip;]<\/p>\n","protected":false},"featured_media":11072,"comment_status":"open","ping_status":"closed","template":"","meta":[],"product_cat":[175,136],"product_tag":[147],"_links":{"self":[{"href":"https:\/\/mil-et-zim.fr\/index.php\/wp-json\/wp\/v2\/product\/10941"}],"collection":[{"href":"https:\/\/mil-et-zim.fr\/index.php\/wp-json\/wp\/v2\/product"}],"about":[{"href":"https:\/\/mil-et-zim.fr\/index.php\/wp-json\/wp\/v2\/types\/product"}],"replies":[{"embeddable":true,"href":"https:\/\/mil-et-zim.fr\/index.php\/wp-json\/wp\/v2\/comments?post=10941"}],"wp:featuredmedia":[{"embeddable":true,"href":"https:\/\/mil-et-zim.fr\/index.php\/wp-json\/wp\/v2\/media\/11072"}],"wp:attachment":[{"href":"https:\/\/mil-et-zim.fr\/index.php\/wp-json\/wp\/v2\/media?parent=10941"}],"wp:term":[{"taxonomy":"product_cat","embeddable":true,"href":"https:\/\/mil-et-zim.fr\/index.php\/wp-json\/wp\/v2\/product_cat?post=10941"},{"taxonomy":"product_tag","embeddable":true,"href":"https:\/\/mil-et-zim.fr\/index.php\/wp-json\/wp\/v2\/product_tag?post=10941"}],"curies":[{"name":"wp","href":"https:\/\/api.w.org\/{rel}","templated":true}]}}