{"id":10945,"date":"2021-10-01T13:44:46","date_gmt":"2021-10-01T11:44:46","guid":{"rendered":"http:\/\/mil-et-zim.fr\/?post_type=product&#038;p=10945"},"modified":"2022-12-19T19:53:35","modified_gmt":"2022-12-19T18:53:35","slug":"igp-ardeche-only-for-my-friends-rose-75-cl","status":"publish","type":"product","link":"https:\/\/mil-et-zim.fr\/index.php\/product\/igp-ardeche-only-for-my-friends-rose-75-cl\/","title":{"rendered":"IGP Ard\u00e8che, Only for my friends ros\u00e9 75 cl"},"content":{"rendered":"<p>DESCRIPTION<br \/>\nDOMAINE DU GRANGEON &#8211; IGP ARD\u00c8CHE &#8220;ONLY FOR MY FRIENDS&#8221; ROS\u00c9<br \/>\nUn vin \u00e0 la jolie couleur ros\u00e9e, tout comme le style de ce vin ! Only for my Friends ros\u00e9 est g\u00e9n\u00e9reux, fruit\u00e9 (fruits rouges) et frais. Un ros\u00e9 gourmand, facile \u00e0 boire et compagnon de toute situation !<\/p>\n<p>Plus d\u2019information<br \/>\nAppellation : IGP ARDECHE<br \/>\nDomaine : DOMAINE GRANGEON<br \/>\nCouleur : ROSE<br \/>\nC\u00e9page(s) : Majorit\u00e9 de Gamay et de Grenache, Ugni blanc<br \/>\nR\u00e9gion : RHONE SUD<br \/>\nContenance : 75 cl<br \/>\nTemps de garde : \u00c0 d\u00e9guster dans la jeunesse pour le fruit et la fraicheur<br \/>\nConseils de d\u00e9gustation<\/p>\n<p>A d\u00e9guster frais \u00e0 l&#8217;ap\u00e9ritif, sur une belle salade estivale (tomate, olives, concombre, salade verte, f\u00eata &#8230; \u00e0 vous de choisir !), de la viande blanche grill\u00e9e, du fromage de ch\u00e8vre frais d&#8217;Ard\u00e8che, une tartelette aux fruits rouges &#8230;<\/p>\n","protected":false},"excerpt":{"rendered":"<p>DESCRIPTION DOMAINE DU GRANGEON &#8211; IGP ARD\u00c8CHE &#8220;ONLY FOR MY FRIENDS&#8221; ROS\u00c9 Un vin \u00e0 la jolie couleur ros\u00e9e, tout comme le style de ce vin ! Only for my Friends ros\u00e9 est g\u00e9n\u00e9reux, fruit\u00e9 (fruits rouges) et frais. Un ros\u00e9 gourmand, facile \u00e0 boire et compagnon de toute situation ! Plus d\u2019information Appellation : [&hellip;]<\/p>\n","protected":false},"featured_media":11217,"comment_status":"open","ping_status":"closed","template":"","meta":[],"product_cat":[175,137],"product_tag":[147],"_links":{"self":[{"href":"https:\/\/mil-et-zim.fr\/index.php\/wp-json\/wp\/v2\/product\/10945"}],"collection":[{"href":"https:\/\/mil-et-zim.fr\/index.php\/wp-json\/wp\/v2\/product"}],"about":[{"href":"https:\/\/mil-et-zim.fr\/index.php\/wp-json\/wp\/v2\/types\/product"}],"replies":[{"embeddable":true,"href":"https:\/\/mil-et-zim.fr\/index.php\/wp-json\/wp\/v2\/comments?post=10945"}],"wp:featuredmedia":[{"embeddable":true,"href":"https:\/\/mil-et-zim.fr\/index.php\/wp-json\/wp\/v2\/media\/11217"}],"wp:attachment":[{"href":"https:\/\/mil-et-zim.fr\/index.php\/wp-json\/wp\/v2\/media?parent=10945"}],"wp:term":[{"taxonomy":"product_cat","embeddable":true,"href":"https:\/\/mil-et-zim.fr\/index.php\/wp-json\/wp\/v2\/product_cat?post=10945"},{"taxonomy":"product_tag","embeddable":true,"href":"https:\/\/mil-et-zim.fr\/index.php\/wp-json\/wp\/v2\/product_tag?post=10945"}],"curies":[{"name":"wp","href":"https:\/\/api.w.org\/{rel}","templated":true}]}}