{"id":10972,"date":"2021-10-29T18:28:38","date_gmt":"2021-10-29T16:28:38","guid":{"rendered":"http:\/\/mil-et-zim.fr\/?post_type=product&#038;p=10972"},"modified":"2022-12-19T19:46:55","modified_gmt":"2022-12-19T18:46:55","slug":"vin-de-france-mas-de-libian-vin-de-petanque-rouge-2020-75cl","status":"publish","type":"product","link":"https:\/\/mil-et-zim.fr\/index.php\/product\/vin-de-france-mas-de-libian-vin-de-petanque-rouge-2020-75cl\/","title":{"rendered":"VIN DE FRANCE-MAS DE LIBIAN-VIN DE PETANQUE-ROUGE-2020-75CL"},"content":{"rendered":"<p><strong>Le Vin de P\u00e9tanque<\/strong>\u00a0est la cuv\u00e9e r\u00e9solument \u00ab\u00a0<em>facile<\/em>\u00a0\u00bb du\u00a0<strong>Mas de Libian<\/strong>. Les c\u00e9pages sont assembl\u00e9s \u00e0 la cuve. La vendange est \u00e9rafl\u00e9e \u00e0 100%. Un vin de plaisir par excellence ! Rouge croquant \u00e0 boire frais.<\/p>\n<p>C\u00e9pages : Grenache, Syrah et Mouv\u00e8dre.<\/p>\n","protected":false},"excerpt":{"rendered":"<p>Un vin rouge croquant et gourmand !<\/p>\n","protected":false},"featured_media":11064,"comment_status":"open","ping_status":"closed","template":"","meta":[],"product_cat":[176,140,136],"product_tag":[147],"_links":{"self":[{"href":"https:\/\/mil-et-zim.fr\/index.php\/wp-json\/wp\/v2\/product\/10972"}],"collection":[{"href":"https:\/\/mil-et-zim.fr\/index.php\/wp-json\/wp\/v2\/product"}],"about":[{"href":"https:\/\/mil-et-zim.fr\/index.php\/wp-json\/wp\/v2\/types\/product"}],"replies":[{"embeddable":true,"href":"https:\/\/mil-et-zim.fr\/index.php\/wp-json\/wp\/v2\/comments?post=10972"}],"wp:featuredmedia":[{"embeddable":true,"href":"https:\/\/mil-et-zim.fr\/index.php\/wp-json\/wp\/v2\/media\/11064"}],"wp:attachment":[{"href":"https:\/\/mil-et-zim.fr\/index.php\/wp-json\/wp\/v2\/media?parent=10972"}],"wp:term":[{"taxonomy":"product_cat","embeddable":true,"href":"https:\/\/mil-et-zim.fr\/index.php\/wp-json\/wp\/v2\/product_cat?post=10972"},{"taxonomy":"product_tag","embeddable":true,"href":"https:\/\/mil-et-zim.fr\/index.php\/wp-json\/wp\/v2\/product_tag?post=10972"}],"curies":[{"name":"wp","href":"https:\/\/api.w.org\/{rel}","templated":true}]}}