{"id":10986,"date":"2021-10-30T12:52:48","date_gmt":"2021-10-30T10:52:48","guid":{"rendered":"http:\/\/mil-et-zim.fr\/?post_type=product&#038;p=10986"},"modified":"2022-12-19T19:43:36","modified_gmt":"2022-12-19T18:43:36","slug":"condrieu-domaine-merlin-francois-terroirs-blanc-2017-75cl","status":"publish","type":"product","link":"https:\/\/mil-et-zim.fr\/index.php\/product\/condrieu-domaine-merlin-francois-terroirs-blanc-2017-75cl\/","title":{"rendered":"CONDRIEU-DOMAINE MERLIN FRANCOIS-TERROIRS-BLANC-2017-75CL"},"content":{"rendered":"<p>Ce Condrieu r\u00e9sulte de l\u2019assemblage de deux s\u00e9lections parcellaires situ\u00e9es sur la commune de Chavanay. Cette cuv\u00e9e g\u00e9n\u00e9reuse de Viognier est \u00e9lev\u00e9e pour une partie en f\u00fbts de ch\u00eane.\u00a0<strong>Le vin marqu\u00e9 par une belle tension, les ar\u00f4mes balancent entre le fruit et les fleurs.<\/strong><\/p>\n<p>C\u00e9pages : 100% Viognier<\/p>\n","protected":false},"excerpt":{"rendered":"<p>Frais et fin.<\/p>\n","protected":false},"featured_media":11211,"comment_status":"open","ping_status":"closed","template":"","meta":[],"product_cat":[176,138],"product_tag":[152],"_links":{"self":[{"href":"https:\/\/mil-et-zim.fr\/index.php\/wp-json\/wp\/v2\/product\/10986"}],"collection":[{"href":"https:\/\/mil-et-zim.fr\/index.php\/wp-json\/wp\/v2\/product"}],"about":[{"href":"https:\/\/mil-et-zim.fr\/index.php\/wp-json\/wp\/v2\/types\/product"}],"replies":[{"embeddable":true,"href":"https:\/\/mil-et-zim.fr\/index.php\/wp-json\/wp\/v2\/comments?post=10986"}],"wp:featuredmedia":[{"embeddable":true,"href":"https:\/\/mil-et-zim.fr\/index.php\/wp-json\/wp\/v2\/media\/11211"}],"wp:attachment":[{"href":"https:\/\/mil-et-zim.fr\/index.php\/wp-json\/wp\/v2\/media?parent=10986"}],"wp:term":[{"taxonomy":"product_cat","embeddable":true,"href":"https:\/\/mil-et-zim.fr\/index.php\/wp-json\/wp\/v2\/product_cat?post=10986"},{"taxonomy":"product_tag","embeddable":true,"href":"https:\/\/mil-et-zim.fr\/index.php\/wp-json\/wp\/v2\/product_tag?post=10986"}],"curies":[{"name":"wp","href":"https:\/\/api.w.org\/{rel}","templated":true}]}}