{"id":10989,"date":"2021-11-21T15:07:02","date_gmt":"2021-11-21T14:07:02","guid":{"rendered":"http:\/\/mil-et-zim.fr\/?post_type=product&#038;p=10989"},"modified":"2022-12-19T19:43:14","modified_gmt":"2022-12-19T18:43:14","slug":"gigondas-dauvergne-ranvier-face-nord-rouge-2017-75cl","status":"publish","type":"product","link":"https:\/\/mil-et-zim.fr\/index.php\/product\/gigondas-dauvergne-ranvier-face-nord-rouge-2017-75cl\/","title":{"rendered":"GIGONDAS-DAUVERGNE RANVIER-FACE NORD-ROUGE-2017-75CL"},"content":{"rendered":"<p>Un festival d&#8217;ar\u00f4mes ! \u00c0 la fois onctueuse et rac\u00e9e, cette cuv\u00e9e offre une belle complexit\u00e9. Un bouquet compos\u00e9 d&#8217;herbes aromatiques, d&#8217;\u00e9pices, de fruits noirs et de notes fum\u00e9es. Les ceps de Syrah \u00e0 l&#8217;origine de cette bouteille sont cultiv\u00e9s en altitude (350 m\u00e8tres), apportant fra\u00eecheur et \u00e9l\u00e9gance au vin.<\/p>\n<p>C\u00e9pages : Grenache et syrah.<\/p>\n","protected":false},"excerpt":{"rendered":"<p>Id\u00e9al aux c\u00f4t\u00e9s d\u2019une bonne pizza, sur une viande de porc ou encore un risotto aux champignons.<\/p>\n","protected":false},"featured_media":11056,"comment_status":"open","ping_status":"closed","template":"","meta":[],"product_cat":[176,136],"product_tag":[147],"_links":{"self":[{"href":"https:\/\/mil-et-zim.fr\/index.php\/wp-json\/wp\/v2\/product\/10989"}],"collection":[{"href":"https:\/\/mil-et-zim.fr\/index.php\/wp-json\/wp\/v2\/product"}],"about":[{"href":"https:\/\/mil-et-zim.fr\/index.php\/wp-json\/wp\/v2\/types\/product"}],"replies":[{"embeddable":true,"href":"https:\/\/mil-et-zim.fr\/index.php\/wp-json\/wp\/v2\/comments?post=10989"}],"wp:featuredmedia":[{"embeddable":true,"href":"https:\/\/mil-et-zim.fr\/index.php\/wp-json\/wp\/v2\/media\/11056"}],"wp:attachment":[{"href":"https:\/\/mil-et-zim.fr\/index.php\/wp-json\/wp\/v2\/media?parent=10989"}],"wp:term":[{"taxonomy":"product_cat","embeddable":true,"href":"https:\/\/mil-et-zim.fr\/index.php\/wp-json\/wp\/v2\/product_cat?post=10989"},{"taxonomy":"product_tag","embeddable":true,"href":"https:\/\/mil-et-zim.fr\/index.php\/wp-json\/wp\/v2\/product_tag?post=10989"}],"curies":[{"name":"wp","href":"https:\/\/api.w.org\/{rel}","templated":true}]}}