{"id":10993,"date":"2021-11-21T15:37:44","date_gmt":"2021-11-21T14:37:44","guid":{"rendered":"http:\/\/mil-et-zim.fr\/?post_type=product&#038;p=10993"},"modified":"2022-12-19T19:41:38","modified_gmt":"2022-12-19T18:41:38","slug":"champagne-champagne-lenoble-intense-mag-16-bulles-75cl","status":"publish","type":"product","link":"https:\/\/mil-et-zim.fr\/index.php\/product\/champagne-champagne-lenoble-intense-mag-16-bulles-75cl\/","title":{"rendered":"CHAMPAGNE-CHAMPAGNE LENOBLE-&#8216;INTENSE MAG 16&#8217;-BULLES-75CL"},"content":{"rendered":"<p><em>Chaque ann\u00e9e, \u00e0 chaque vendange, une partie de la r\u00e9colte est assembl\u00e9e \u00e0 des vins plus anciens (vins de r\u00e9serve) pour la mise en bouteille. En 2010, pour la premi\u00e8re fois, des vins de r\u00e9serve ont \u00e9t\u00e9 mis en magnums sous li\u00e8ge, ferm\u00e9s avec une agrafe et ainsi stock\u00e9s sur lies en cave durant 4 ans minimum. Les Champagnes &#8220;Mag 16&#8221; de la maison AR Lenoble correspondent \u00e0 un assemblage issu majoritairement de la vendange 2016 avec des vins de r\u00e9serve dont une partie a vieillie sur lies en magnum sous li\u00e8ge.<\/em><\/p>\n<p>&nbsp;<\/p>\n","protected":false},"excerpt":{"rendered":"<p>\u00ab\u00a0<strong><em>Intense<\/em><\/strong>\u00a0\u00bb fait certainement r\u00e9f\u00e9rence \u00e0 l&#8217;aromatique puissante de fruits \u00e0 chair blanche, de fleurs et d&#8217;agrumes de cette cuv\u00e9e. Avec un bel \u00e9quilibre entre fra\u00eecheur et rondeur, ce\u00a0<strong>Champagne<\/strong>\u00a0saura s\u00e9duire de nombreuses tables.<\/p>\n","protected":false},"featured_media":11213,"comment_status":"open","ping_status":"closed","template":"","meta":[],"product_cat":[177,139],"product_tag":[153],"_links":{"self":[{"href":"https:\/\/mil-et-zim.fr\/index.php\/wp-json\/wp\/v2\/product\/10993"}],"collection":[{"href":"https:\/\/mil-et-zim.fr\/index.php\/wp-json\/wp\/v2\/product"}],"about":[{"href":"https:\/\/mil-et-zim.fr\/index.php\/wp-json\/wp\/v2\/types\/product"}],"replies":[{"embeddable":true,"href":"https:\/\/mil-et-zim.fr\/index.php\/wp-json\/wp\/v2\/comments?post=10993"}],"wp:featuredmedia":[{"embeddable":true,"href":"https:\/\/mil-et-zim.fr\/index.php\/wp-json\/wp\/v2\/media\/11213"}],"wp:attachment":[{"href":"https:\/\/mil-et-zim.fr\/index.php\/wp-json\/wp\/v2\/media?parent=10993"}],"wp:term":[{"taxonomy":"product_cat","embeddable":true,"href":"https:\/\/mil-et-zim.fr\/index.php\/wp-json\/wp\/v2\/product_cat?post=10993"},{"taxonomy":"product_tag","embeddable":true,"href":"https:\/\/mil-et-zim.fr\/index.php\/wp-json\/wp\/v2\/product_tag?post=10993"}],"curies":[{"name":"wp","href":"https:\/\/api.w.org\/{rel}","templated":true}]}}