{"id":11093,"date":"2021-12-03T13:18:15","date_gmt":"2021-12-03T12:18:15","guid":{"rendered":"http:\/\/mil-et-zim.fr\/?post_type=product&#038;p=11093"},"modified":"2022-12-19T19:16:41","modified_gmt":"2022-12-19T18:16:41","slug":"fronton-chateau-la-colombiere-les-tontons-flingueurs-75cl","status":"publish","type":"product","link":"https:\/\/mil-et-zim.fr\/index.php\/product\/fronton-chateau-la-colombiere-les-tontons-flingueurs-75cl\/","title":{"rendered":"FRONTON CHATEAU LA COLOMBIERE LES TONTONS FLINGUEURS &#8211; 75CL"},"content":{"rendered":"<p>C\u2019est une N\u00e9grette comme on les aime, authentique, naturelle et pleine de fruit.\u00a0Sur un terroir de galets de quartz \u00e0 argiles rouges, les vignes sont vendang\u00e9es \u00e0 la main, puis les grappes sont foul\u00e9es et \u00e9rafl\u00e9es. Le vin est ensuite \u00e9lev\u00e9 un an en cuve b\u00e9ton. Un minimum de sulfites est ajout\u00e9 pour pr\u00e9server le fruit et la caract\u00e8re digeste du vin.<\/p>\n<p>Le nez est gourmand, sur les fruits rouges et noirs avec une touche de florale et \u00e9pic\u00e9e typique du c\u00e9page. La bouche est ronde et charnue, avec une belle tension min\u00e9rale en fin de bouche.<\/p>\n","protected":false},"excerpt":{"rendered":"<p>Du caract\u00e8re pour ce vin de Fronton qui se partage pour un plaisir assur\u00e9 !<\/p>\n","protected":false},"featured_media":11199,"comment_status":"open","ping_status":"closed","template":"","meta":[],"product_cat":[171,140,136],"product_tag":[155],"_links":{"self":[{"href":"https:\/\/mil-et-zim.fr\/index.php\/wp-json\/wp\/v2\/product\/11093"}],"collection":[{"href":"https:\/\/mil-et-zim.fr\/index.php\/wp-json\/wp\/v2\/product"}],"about":[{"href":"https:\/\/mil-et-zim.fr\/index.php\/wp-json\/wp\/v2\/types\/product"}],"replies":[{"embeddable":true,"href":"https:\/\/mil-et-zim.fr\/index.php\/wp-json\/wp\/v2\/comments?post=11093"}],"wp:featuredmedia":[{"embeddable":true,"href":"https:\/\/mil-et-zim.fr\/index.php\/wp-json\/wp\/v2\/media\/11199"}],"wp:attachment":[{"href":"https:\/\/mil-et-zim.fr\/index.php\/wp-json\/wp\/v2\/media?parent=11093"}],"wp:term":[{"taxonomy":"product_cat","embeddable":true,"href":"https:\/\/mil-et-zim.fr\/index.php\/wp-json\/wp\/v2\/product_cat?post=11093"},{"taxonomy":"product_tag","embeddable":true,"href":"https:\/\/mil-et-zim.fr\/index.php\/wp-json\/wp\/v2\/product_tag?post=11093"}],"curies":[{"name":"wp","href":"https:\/\/api.w.org\/{rel}","templated":true}]}}