{"id":11097,"date":"2021-12-03T13:34:27","date_gmt":"2021-12-03T12:34:27","guid":{"rendered":"http:\/\/mil-et-zim.fr\/?post_type=product&#038;p=11097"},"modified":"2022-12-19T19:15:33","modified_gmt":"2022-12-19T18:15:33","slug":"bordeaux-chateau-tire-pe-vite-2016-75cl","status":"publish","type":"product","link":"https:\/\/mil-et-zim.fr\/index.php\/product\/bordeaux-chateau-tire-pe-vite-2016-75cl\/","title":{"rendered":"BORDEAUX CHATEAU TIRE PE VITE 2016 &#8211; 75CL"},"content":{"rendered":"<p><strong>Un vrai bordeaux de bistrot, au fruit avantageux.<\/strong><\/p>\n<p>Une cuv\u00e9e 100% Merlot et BIO ! Un joli vin tr\u00e8s naturel et juteux, avec un fruit magnifique, une chair puissante et de la vivacit\u00e9. Belle gourmandise. Un vrai vin de copains \u00e0 boire frais (12-14\u00b0) pour profiter de toute sa fougue !<\/p>\n<p>La C\u00f4te de Tire p\u00e9 doit son nom \u00e0 une sc\u00e8ne agraire quotidienne et bien connue des autochtones, selon laquelle les b\u00eates de somme se soulageaient de leurs efforts pour monter \u00e0 la propri\u00e9t\u00e9, en \u00ab\u00a0tirant le pet\u00a0\u00bb.\u2028Depuis fin 1997, Monsieur et Madame Barrault cultivent ces magnifiques parcelles juch\u00e9es sur leur promontoire. Un\u00a0 vrai terroir Situ\u00e9 sur le haut de coteaux Argilo-calcaires, surplombant la Garonne de 80 m\u00e8tres, ce terroir exceptionnel expos\u00e9 largement au sud,\u00a0 offre un grand potentiel qualitatif.<\/p>\n","protected":false},"excerpt":{"rendered":"<p>croquant, pr\u00e9cis, &#8220;au plus proche du raisin&#8221;, \u00e0 boire\u00a0sur sa jeunesse !<\/p>\n","protected":false},"featured_media":11098,"comment_status":"open","ping_status":"closed","template":"","meta":[],"product_cat":[171,140,136],"product_tag":[],"_links":{"self":[{"href":"https:\/\/mil-et-zim.fr\/index.php\/wp-json\/wp\/v2\/product\/11097"}],"collection":[{"href":"https:\/\/mil-et-zim.fr\/index.php\/wp-json\/wp\/v2\/product"}],"about":[{"href":"https:\/\/mil-et-zim.fr\/index.php\/wp-json\/wp\/v2\/types\/product"}],"replies":[{"embeddable":true,"href":"https:\/\/mil-et-zim.fr\/index.php\/wp-json\/wp\/v2\/comments?post=11097"}],"wp:featuredmedia":[{"embeddable":true,"href":"https:\/\/mil-et-zim.fr\/index.php\/wp-json\/wp\/v2\/media\/11098"}],"wp:attachment":[{"href":"https:\/\/mil-et-zim.fr\/index.php\/wp-json\/wp\/v2\/media?parent=11097"}],"wp:term":[{"taxonomy":"product_cat","embeddable":true,"href":"https:\/\/mil-et-zim.fr\/index.php\/wp-json\/wp\/v2\/product_cat?post=11097"},{"taxonomy":"product_tag","embeddable":true,"href":"https:\/\/mil-et-zim.fr\/index.php\/wp-json\/wp\/v2\/product_tag?post=11097"}],"curies":[{"name":"wp","href":"https:\/\/api.w.org\/{rel}","templated":true}]}}