{"id":11099,"date":"2021-12-03T13:49:14","date_gmt":"2021-12-03T12:49:14","guid":{"rendered":"http:\/\/mil-et-zim.fr\/?post_type=product&#038;p=11099"},"modified":"2022-12-19T19:15:06","modified_gmt":"2022-12-19T18:15:06","slug":"menetou-salon-domaine-fraiseau-leclerc-2018-75cl","status":"publish","type":"product","link":"https:\/\/mil-et-zim.fr\/index.php\/product\/menetou-salon-domaine-fraiseau-leclerc-2018-75cl\/","title":{"rendered":"MENETOU-SALON  DOMAINE FRAISEAU-LECLERC 2018 &#8211; 75CL"},"content":{"rendered":"<p>Ce M\u00e9n\u00e9tou-Salon rouge est le r\u00e9sultat de l\u2019assemblage des parcelles situ\u00e9es au Clos de Champaloin, Clos de Beauregard et Clos St-Pierre plant\u00e9es en Pinot noir.<\/p>\n<p>La majorit\u00e9 des travaux se fait \u00e0 la main et l\u2019ensemble du vignoble est travaill\u00e9 au sol.\u00a0 Un effeuillage est effectu\u00e9 du c\u00f4t\u00e9 du soleil levant ainsi qu\u2019une vendange verte apr\u00e8s la floraison.<\/p>\n<p>Un travail bien fait dans les vignes est le premier pas dans la r\u00e9ussite de ce vin.<\/p>\n","protected":false},"excerpt":{"rendered":"<p>Vin aux ar\u00f4mes de fruits rouges tr\u00e8s m\u00fbrs, cassis, m\u00fbres, griottes\u2026<\/p>\n","protected":false},"featured_media":11198,"comment_status":"open","ping_status":"closed","template":"","meta":[],"product_cat":[173,136],"product_tag":[146],"_links":{"self":[{"href":"https:\/\/mil-et-zim.fr\/index.php\/wp-json\/wp\/v2\/product\/11099"}],"collection":[{"href":"https:\/\/mil-et-zim.fr\/index.php\/wp-json\/wp\/v2\/product"}],"about":[{"href":"https:\/\/mil-et-zim.fr\/index.php\/wp-json\/wp\/v2\/types\/product"}],"replies":[{"embeddable":true,"href":"https:\/\/mil-et-zim.fr\/index.php\/wp-json\/wp\/v2\/comments?post=11099"}],"wp:featuredmedia":[{"embeddable":true,"href":"https:\/\/mil-et-zim.fr\/index.php\/wp-json\/wp\/v2\/media\/11198"}],"wp:attachment":[{"href":"https:\/\/mil-et-zim.fr\/index.php\/wp-json\/wp\/v2\/media?parent=11099"}],"wp:term":[{"taxonomy":"product_cat","embeddable":true,"href":"https:\/\/mil-et-zim.fr\/index.php\/wp-json\/wp\/v2\/product_cat?post=11099"},{"taxonomy":"product_tag","embeddable":true,"href":"https:\/\/mil-et-zim.fr\/index.php\/wp-json\/wp\/v2\/product_tag?post=11099"}],"curies":[{"name":"wp","href":"https:\/\/api.w.org\/{rel}","templated":true}]}}