{"id":11101,"date":"2021-12-03T14:00:42","date_gmt":"2021-12-03T13:00:42","guid":{"rendered":"http:\/\/mil-et-zim.fr\/?post_type=product&#038;p=11101"},"modified":"2022-01-10T18:15:38","modified_gmt":"2022-01-10T17:15:38","slug":"vdf-domaine-du-pere-benoit-psaume-2014-75cl","status":"publish","type":"product","link":"https:\/\/mil-et-zim.fr\/index.php\/product\/vdf-domaine-du-pere-benoit-psaume-2014-75cl\/","title":{"rendered":"VdF DOMAINE DU PERE BENOIT &#8211; PSAUME 2014 &#8211; 75CL"},"content":{"rendered":"<p><em>C&#8217;est \u00e0 quelques kilom\u00e9tres du pont du Gard que Anne-Sophie et Beno\u00eet r\u00e9alise un assemblage de chardonnay et de Viognier subtil et tr\u00e8s \u00e9l\u00e9gant une alliance entre la fra\u00eecheur\u00a0 du Viognier et la g\u00e9n\u00e9rosit\u00e9 du Chardonnay.<\/em><\/p>\n<p>\u00ab Depuis 2010, tout le travail de la vigne, dans sa grande majorit\u00e9 est r\u00e9alis\u00e9 avec l\u2019appui du calendrier lunaire et biodynamique, de la taille \u00e0 l\u2019\u00e9pamprage en passant par la tonte de l\u2019herbe, le travail du sol, les traitements. En 2014, il est venu [&#8230;]<\/p>\n","protected":false},"excerpt":{"rendered":"<p><em>Nez limpide d&#8217;abricot et de fruit exotique, la bouche et profonde, pure et d\u00e9voile un jolie gras. Belle persistance aromatique<\/em><\/p>\n","protected":false},"featured_media":11197,"comment_status":"open","ping_status":"closed","template":"","meta":[],"product_cat":[140,138],"product_tag":[147],"_links":{"self":[{"href":"https:\/\/mil-et-zim.fr\/index.php\/wp-json\/wp\/v2\/product\/11101"}],"collection":[{"href":"https:\/\/mil-et-zim.fr\/index.php\/wp-json\/wp\/v2\/product"}],"about":[{"href":"https:\/\/mil-et-zim.fr\/index.php\/wp-json\/wp\/v2\/types\/product"}],"replies":[{"embeddable":true,"href":"https:\/\/mil-et-zim.fr\/index.php\/wp-json\/wp\/v2\/comments?post=11101"}],"wp:featuredmedia":[{"embeddable":true,"href":"https:\/\/mil-et-zim.fr\/index.php\/wp-json\/wp\/v2\/media\/11197"}],"wp:attachment":[{"href":"https:\/\/mil-et-zim.fr\/index.php\/wp-json\/wp\/v2\/media?parent=11101"}],"wp:term":[{"taxonomy":"product_cat","embeddable":true,"href":"https:\/\/mil-et-zim.fr\/index.php\/wp-json\/wp\/v2\/product_cat?post=11101"},{"taxonomy":"product_tag","embeddable":true,"href":"https:\/\/mil-et-zim.fr\/index.php\/wp-json\/wp\/v2\/product_tag?post=11101"}],"curies":[{"name":"wp","href":"https:\/\/api.w.org\/{rel}","templated":true}]}}