{"id":14134,"date":"2022-12-20T08:18:46","date_gmt":"2022-12-20T07:18:46","guid":{"rendered":"http:\/\/mil-et-zim.fr\/?post_type=product&#038;p=14134"},"modified":"2024-07-14T10:33:52","modified_gmt":"2024-07-14T08:33:52","slug":"aop-minervois-caihol-gautran-cuvee-roseum","status":"publish","type":"product","link":"https:\/\/mil-et-zim.fr\/index.php\/product\/aop-minervois-caihol-gautran-cuvee-roseum\/","title":{"rendered":"AOP MINERVOIS &#8211; CAIHOL GAUTRAN &#8211; Cuv\u00e9e Roseum"},"content":{"rendered":"<p>Ce ros\u00e9 bio \u00e0 la robe rose p\u00e2le nous offre des notes de fruits rouges au nez, tr\u00e8s raffin\u00e9. La bouche est ronde et bien \u00e9quilibr\u00e9e, belle persistance aromatique pour ce ros\u00e9 qui saura vous s\u00e9duire par sa finesse et son \u00e9l\u00e9gance.<\/p>\n<p>C\u00e9page Grenache et Cinsault<\/p>\n","protected":false},"excerpt":{"rendered":"<p>Un ros\u00e9 qui saura vous s\u00e9duire par sa finesse et son \u00e9l\u00e9gance.<\/p>\n","protected":false},"featured_media":14135,"comment_status":"closed","ping_status":"closed","template":"","meta":[],"product_cat":[175,140,137],"product_tag":[],"_links":{"self":[{"href":"https:\/\/mil-et-zim.fr\/index.php\/wp-json\/wp\/v2\/product\/14134"}],"collection":[{"href":"https:\/\/mil-et-zim.fr\/index.php\/wp-json\/wp\/v2\/product"}],"about":[{"href":"https:\/\/mil-et-zim.fr\/index.php\/wp-json\/wp\/v2\/types\/product"}],"replies":[{"embeddable":true,"href":"https:\/\/mil-et-zim.fr\/index.php\/wp-json\/wp\/v2\/comments?post=14134"}],"wp:featuredmedia":[{"embeddable":true,"href":"https:\/\/mil-et-zim.fr\/index.php\/wp-json\/wp\/v2\/media\/14135"}],"wp:attachment":[{"href":"https:\/\/mil-et-zim.fr\/index.php\/wp-json\/wp\/v2\/media?parent=14134"}],"wp:term":[{"taxonomy":"product_cat","embeddable":true,"href":"https:\/\/mil-et-zim.fr\/index.php\/wp-json\/wp\/v2\/product_cat?post=14134"},{"taxonomy":"product_tag","embeddable":true,"href":"https:\/\/mil-et-zim.fr\/index.php\/wp-json\/wp\/v2\/product_tag?post=14134"}],"curies":[{"name":"wp","href":"https:\/\/api.w.org\/{rel}","templated":true}]}}