{"id":14171,"date":"2022-12-22T19:31:17","date_gmt":"2022-12-22T18:31:17","guid":{"rendered":"http:\/\/mil-et-zim.fr\/?post_type=product&#038;p=14171"},"modified":"2022-12-22T19:48:31","modified_gmt":"2022-12-22T18:48:31","slug":"aop-pouilly-fuisse-domaine-gilles-morat-terres-du-menhir-blanc-75cl","status":"publish","type":"product","link":"https:\/\/mil-et-zim.fr\/index.php\/product\/aop-pouilly-fuisse-domaine-gilles-morat-terres-du-menhir-blanc-75cl\/","title":{"rendered":"AOP POUILLY FUISSE &#8211; DOMAINE GILLES MORAT\u2013 TERRES DU MENHIR BLANC 75cl"},"content":{"rendered":"<p>Ce\u00a0<strong>Pouilly Fuiss\u00e9 \u2013 Terres du Menhir Blanc\u00a0<\/strong>du\u00a0<strong>Domaine Gilles Morat\u00a0<\/strong>est tr\u00e8s repr\u00e9sentatif de son terroir du Sud de la\u00a0<strong>Bourgogne<\/strong>\u00a0avec un\u00a0<strong>Chardonnay<\/strong>\u00a0frais et fin avec ce qu\u2019il faut de gras pour le rendre irr\u00e9sistible \u00e0 table ou d\u00e8s l\u2019ap\u00e9ritif\u00a0!<\/p>\n","protected":false},"excerpt":{"rendered":"<p>un Pouilly Fuiss\u00e9 frais et fin avec ce qu\u2019il faut de gras pour le rendre irr\u00e9sistible \u00e0 table ou d\u00e8s l\u2019ap\u00e9ritif !<\/p>\n","protected":false},"featured_media":14172,"comment_status":"closed","ping_status":"closed","template":"","meta":[],"product_cat":[172,140,138],"product_tag":[],"_links":{"self":[{"href":"https:\/\/mil-et-zim.fr\/index.php\/wp-json\/wp\/v2\/product\/14171"}],"collection":[{"href":"https:\/\/mil-et-zim.fr\/index.php\/wp-json\/wp\/v2\/product"}],"about":[{"href":"https:\/\/mil-et-zim.fr\/index.php\/wp-json\/wp\/v2\/types\/product"}],"replies":[{"embeddable":true,"href":"https:\/\/mil-et-zim.fr\/index.php\/wp-json\/wp\/v2\/comments?post=14171"}],"wp:featuredmedia":[{"embeddable":true,"href":"https:\/\/mil-et-zim.fr\/index.php\/wp-json\/wp\/v2\/media\/14172"}],"wp:attachment":[{"href":"https:\/\/mil-et-zim.fr\/index.php\/wp-json\/wp\/v2\/media?parent=14171"}],"wp:term":[{"taxonomy":"product_cat","embeddable":true,"href":"https:\/\/mil-et-zim.fr\/index.php\/wp-json\/wp\/v2\/product_cat?post=14171"},{"taxonomy":"product_tag","embeddable":true,"href":"https:\/\/mil-et-zim.fr\/index.php\/wp-json\/wp\/v2\/product_tag?post=14171"}],"curies":[{"name":"wp","href":"https:\/\/api.w.org\/{rel}","templated":true}]}}